2?
6
Calculate the remainder when 15132 is divided by 338.
260
What is the remainder when 14397 is divided by 13?
6
What is the remainder when 193627 is divided by 430?
127
Calculate the remainder when 13794 is divided by 257.
173
What is the remainder when 14807 is divided by 251?
249
Calculate the remainder when 10531 is divided by 479.
472
What is the remainder when 32534 is divided by 9?
8
Calculate the remainder when 45787 is divided by 18.
13
Calculate the remainder when 502862 is divided by 7.
3
What is the remainder when 2236585 is divided by 93191?
1
Calculate the remainder when 94603 is divided by 595.
593
What is the remainder when 1184125 is divided by 531?
526
What is the remainder when 4987 is divided by 4965?
22
What is the remainder when 73395 is divided by 161?
140
Calculate the remainder when 1158869 is divided by 13.
10
What is the remainder when 2904 is divided by 313?
87
Calculate the remainder when 3094 is divided by 2576.
518
What is the remainder when 164801 is divided by 399?
14
Calculate the remainder when 71214 is divided by 30.
24
What is the remainder when 637502 is divided by 55?
52
What is the remainder when 7168 is divided by 3159?
850
What is the remainder when 68921 is divided by 68911?
10
Calculate the remainder when 2808 is divided by 2773.
35
Calculate the remainder when 17478 is divided by 85.
53
Calculate the remainder when 73107 is divided by 8121.
18
Calculate the remainder when 170484 is divided by 483.
468
What is the remainder when 194555 is divided by 37?
9
What is the remainder when 3642 is divided by 18?
6
What is the remainder when 9799 is divided by 9743?
56
Calculate the remainder when 131530 is divided by 671.
14
Calculate the remainder when 3809 is divided by 3.
2
What is the remainder when 338526 is divided by 298?
296
Calculate the remainder when 103550 is divided by 195.
5
What is the remainder when 80245 is divided by 26743?
16
Calculate the remainder when 7147 is divided by 285.
22
Calculate the remainder when 2984 is divided by 177.
152
What is the remainder when 18743 is divided by 9295?
153
Calculate the remainder when 10290 is divided by 5057.
176
What is the remainder when 1876769 is divided by 13?
11
What is the remainder when 933 is divided by 9?
6
What is the remainder when 92137 is divided by 68?
65
What is the remainder when 46555 is divided by 103?
102
What is the remainder when 68173 is divided by 32?
13
Calculate the remainder when 9148 is divided by 72.
4
What is the remainder when 10549 is divided by 40?
29
What is the remainder when 349510 is divided by 116500?
10
What is the remainder when 4244 is divided by 285?
254
What is the remainder when 1432 is divided by 354?
16
Calculate the remainder when 2927 is divided by 641.
363
Calculate the remainder when 18643 is divided by 113.
111
Calculate the remainder when 440 is divided by 107.
12
What is the remainder when 23742 is divided by 88?
70
What is the remainder when 13056 is divided by 201?
192
Calculate the remainder when 232885 is divided by 77628.
1
Calculate the remainder when 1796 is divided by 301.
291
What is the remainder when 4693427 is divided by 204?
203
What is the remainder when 110123 is divided by 38?
37
Calculate the remainder when 83772 is divided by 238.
234
What is the remainder when 3712 is divided by 304?
64
Calculate the remainder when 34223 is divided by 8363.
771
Calculate the remainder when 11285 is divided by 515.
470
Calculate the remainder when 68731 is divided by 197.
175
Calculate the remainder when 227260 is divided by 8.
4
What is the remainder when 66793 is divided by 33389?
15
Calculate the remainder when 3027 is divided by 121.
2
Calculate the remainder when 41605 is divided by 3200.
5
Calculate the remainder when 17309 is divided by 162.
137
What is the remainder when 2555354 is divided by 33?
32
Calculate the remainder when 62144 is divided by 20713.
5
What is the remainder when 1327898 is divided by 221314?
14
What is the remainder when 148183 is divided by 926?
23
Calculate the remainder when 11000 is divided by 528.
440
What is the remainder when 155277 is divided by 15526?
17
Calculate the remainder when 49809 is divided by 38.
29
Calculate the remainder when 14027 is divided by 305.
302
Calculate the remainder when 179566 is divided by 21.
16
Calculate the remainder when 10134 is divided by 375.
9
Calculate the remainder when 216972 is divided by 98.
0
Calculate the remainder when 2872 is divided by 358.
8
What is the remainder when 2957 is divided by 29?
28
Calculate the remainder when 113397 is divided by 15.
12
What is the remainder when 3127 is divided by 194?
23
Calculate the remainder when 15733 is divided by 438.
403
What is the remainder when 2620 is divided by 870?
10
Calculate the remainder when 128632 is divided by 78.
10
What is the remainder when 1050 is divided by 41?
25
Calculate the remainder when 1540 is divided by 20.
0
What is the remainder when 526684 is divided by 131668?
12
Calculate the remainder when 262788 is divided by 262767.
21
Calculate the remainder when 3798 is divided by 212.
194
Calculate the remainder when 2545 is divided by 978.
589
What is the remainder when 10281 is divided by 1712?
9
Calculate the remainder when 6006 is divided by 1524.
1434
What is the remainder when 1557318 is divided by 673?
669
What is the remainder when 91997 is divided by 91?
87
Calculate the remainder when 3215 is divided by 787.
67
Calculate the remainder when 63824 is divided by 108.
104
Calculate the remainder when 25965 is divided by 1038.
15
Calculate the remainder when 348430 is divided by 16591.
19
What is the remainder when 55108 is divided by 27551?
6
Calculate the remainder when 8340477 is divided by 60.
57
Calculate the remainder when 840 is divided by 124.
96
What is the remainder when 134516 is divided by 8?
4
What is the remainder when 151934 is divided by 1504?
30
What is the remainder when 81290 is divided by 1428?
1322
Calculate the remainder when 4517 is divided by 1453.
158
What is the remainder when 1501 is divided by 719?
63
What is the remainder when 601 is divided by 139?
45
What is the remainder when 1638 is divided by 191?
110
What is the remainder when 1541 is divided by 362?
93
What is the remainder when 62627 is divided by 20873?
8
Calculate the remainder when 624 is divided by 14.
8
Calculate the remainder when 18347 is divided by 84.
35
What is the remainder when 2283 is divided by 157?
85
Calculate the remainder when 1984 is divided by 307.
142
What is the remainder when 243 is divided by 181?
62
What is the remainder when 11953 is divided by 1368?
1009
What is the remainder when 13754 is divided by 36?
2
What is the remainder when 70 is divided by 56?
14
What is the remainder when 825608 is divided by 643?
639
Calculate the remainder when 2491403 is divided by 23.
20
Calculate the remainder when 5674 is divided by 24.
10
What is the remainder when 2024337 is divided by 218?
207
What is the remainder when 142736 is divided by 693?
671
Calculate the remainder when 20479 is divided by 218.
205
Calculate the remainder when 711 is divided by 18.
9
What is the remainder when 138827 is divided by 46?
45
What is the remainder when 237989 is divided by 15?
14
What is the remainder when 2825 is divided by 240?
185
Calculate the remainder when 3380 is divided by 31.
1
What is the remainder when 16625 is divided by 29?
8
Calculate the remainder when 28804 is divided by 282.
40
Calculate the remainder when 23074 is divided by 30.
4
What is the remainder when 72683 is divided by 115?
3
What is the remainder when 14431 is divided by 1059?
664
What is the remainder when 15016 is divided by 3649?
420
What is the remainder when 17422 is divided by 21?
13
What is the remainder when 80106 is divided by 59?
43
Calculate the remainder when 28480 is divided by 14237.
6
Calculate the remainder when 8843 is divided by 802.
21
What is the remainder when 1926 is divided by 238?
22
Calculate the remainder when 37296 is divided by 419.
5
What is the remainder when 1791 is divided by 299?
296
Calculate the remainder when 195645 is divided by 97812.
21
What is the remainder when 18086 is divided by 603?
599
Calculate the remainder when 14238 is divided by 150.
13